50 + 84 = 2*c. Suppose -4*w = 3*z - 6*z + 696, -2*w = -4*z + 358. Let q = c - w. What is the units digit of q?
8
Let b = -140 - -160. Suppose b*j - 16*j - 192 = 0. What is the tens digit of j?
4
Let w(y) = -236*y + 188. What is the thousands digit of w(-21)?
5
Let c(f) be the second derivative of -f**5/20 + 5*f**4/3 - 5*f**3 - 8*f**2 - 35*f. Let b be c(20). Let s = -409 - b. What is the units digit of s?
7
Let d be 0/3 + (3 - 3)/6. Suppose d = 5*o - 10*o + 2735. What is the units digit of o?
7
What is the hundreds digit of 45 + -42 - (-18656)/(12/3)?
6
Let j be (514/7)/((-8)/(-28)). Let b = j - 13. What is the units digit of b?
4
Suppose -40831 = -42*q + 643607 - 5676. What is the thousands digit of q?
6
Suppose 2*x - 92 = 4*m, 10 + 30 = x - 4*m. What is the tens digit of 39/x*(-888)/(-2)?
3
Suppose -g - 2 = -0. Let t be -4 + (-1432)/40 + g/10. What is the units digit of 102/8 - 10/t?
3
Suppose -781 - 557 = -3*l. Suppose 24*c - 26*c + l = 0. What is the hundreds digit of c?
2
What is the tens digit of -17950*((-1296)/90)/12?
4
Let o = -921 + 619. Let j = o - -364. What is the tens digit of j?
6
Suppose -24772 = -12*j + 7*j + 2*i, -2*j = 4*i - 9928. What is the units digit of j?
6
Suppose -45*m = -49*m + 992. Let s = -56 + m. What is the units digit of s?
2
Let d(s) be the first derivative of 7*s**2 - 18*s + 11. Let y be d(19). Let g = -123 + y. What is the units digit of g?
5
Let l(j) = 211*j**2 - 18*j + 41. What is the units digit of l(6)?
9
Let x(n) = -n**2 + 18*n - 49. Let v be x(4). Suppose v*a - 2 = 12. What is the units digit of a?
2
Let r(b) = 127*b**3 + 5*b**2 - 7*b + 4. Let v(q) = 127*q**3 + 4*q**2 - 6*q + 3. Let k(d) = 4*r(d) - 5*v(d). Let p = -97 + 96. What is the tens digit of k(p)?
2
Let w(a) = 42*a**2 + 21*a - 8. Let d = 506 - 510. What is the tens digit of w(d)?
8
Let m(f) = -21*f - 29. Let j be (320/(-100))/(4/10). What is the units digit of m(j)?
9
Let x be ((-45685)/9)/(-5) + 2/(-9). Suppose -a + 1681 = 5*u + 3*a, 3*u - x = 4*a. What is the tens digit of u?
3
What is the ten thousands digit of 51783 - (-4 + -2 - (9 + -20))?
5
Let k(h) = 34 + 8*h**2 + h**2 + 0*h**2 - 10*h**2 + h + 2*h**2. What is the hundreds digit of k(10)?
1
Suppose 31*w + 2*x = 35*w - 16256, -3*w - 3*x = -12165. What is the hundreds digit of w?
0
Let q be (2 - (3 + -5 + 7))*712. Let l = -1526 - q. What is the tens digit of l?
1
Let c = -17 - -11. What is the tens digit of 2/1*-21*c/2?
2
Let n = 22223 + -16102. What is the units digit of n?
1
Suppose n + 3*n - 32 = 0. Suppose n*t - 1735 = 3*t + 5*o, -o = t - 341. Suppose 0 = 5*v - v - t. What is the units digit of v?
6
Suppose -86*k + 87*k - 67423 = 0. What is the hundreds digit of k?
4
Suppose 6*x + 613 = 211. Let v = x + 63. What is the units digit of (4/(-3))/(v*(-1)/(-294))?
8
Let g be (2/(-4))/(-1 - (-26)/28). Suppose -4*w - 2*s = -568, 3*w - g*w + 578 = -3*s. What is the tens digit of w?
4
Suppose 5*v = b + 45510, 6*v + b = 4*v + 18204. What is the units digit of v?
2
Let u(f) = -f**2 + 20*f + 45. Let o = 24 - 6. What is the units digit of u(o)?
1
Suppose -4*d - 1242 = -l, -4*l + 3704 = -l - d. Suppose -3*b + 4*p = -1216, 2*p + 3*p = -3*b + l. What is the hundreds digit of b?
4
Let m(s) = 10 + 5*s + 1 - 4 + 29*s. Let q(h) = 14*h + 30. Let g be q(-2). What is the tens digit of m(g)?
7
Let w(t) = -3*t - 22*t - 71 - 36*t + 19. What is the hundreds digit of w(-7)?
3
Let i = 47 + -39. Suppose 4*r - i*r - 16 = 0. What is the tens digit of 4/(r*2/(-112))?
5
Let i be (-45160)/(-14) + 1 - (-296)/1036. Suppose 0 = 33*r - 26*r - i. What is the hundreds digit of r?
4
Let i = -114 - -106. Let q = 7 + i. What is the tens digit of (q/(-4))/((-1)/(-268))?
6
Suppose 26*x = -37296 - 81784. What is the units digit of -6 - x/45 - 2/(-9)?
6
Suppose 3*f = c + 14023, 3567 - 17574 = -3*f - 3*c. Suppose -28015 = -36*m + f. What is the units digit of m?
8
Suppose -16*w - 52*w = 0. Let z = -11 - -13. What is the hundreds digit of (w + -2)/(z*5/(-1315))?
2
Suppose 0 = -229*o + 134*o + 413440. What is the hundreds digit of o?
3
Let y be -2 + 0 - (-58 - 1684). Suppose 36940 = 20*x + y. What is the tens digit of x?
6
Suppose 0 = 380*l - 288640 - 3740812 - 5416208. What is the tens digit of l?
5
Let j be (-6)/(-15) - (-35)/(-25). What is the tens digit of j/(-5) - 40807/(-65)?
2
Suppose 25 = -6*j + 7. Let s = 76 - j. Suppose -o + 4*y = -s, -6*o = -4*o - y - 172. What is the tens digit of o?
8
Let l be (-2)/13 + (-4408)/754. Let p(t) = t + 1. Let b(u) = 6*u + 9. Let n(s) = -b(s) + 5*p(s). What is the units digit of n(l)?
2
Suppose 0 = -3*j - 3*w + 6, j + 5*w = 6*j - 40. Suppose -q = -6*q + j. Let b(r) = 89*r + 1. What is the units digit of b(q)?
0
Let t(q) = -3540*q + 174. What is the hundreds digit of t(-2)?
2
Let y(h) = -80*h + 3. Let t be y(-1). Suppose -84*v + t*v = -9. Suppose 73 = v*d - 242. What is the units digit of d?
5
Suppose 0 = -0*b + b - 2, -b = m - 2. Suppose m*a = -42*a + 45612. What is the thousands digit of a?
1
Let f(w) = 11*w - 4. Let l be f(3). Suppose 3*n + 35 = 2*j, j + l = -4*n - 3. Let i(q) = -9*q + 5. What is the units digit of i(n)?
6
Suppose 8*s - 6 - 10 = 0. Let o be 7 - (-3 + 7)/s. Suppose 3*d - 86 = 2*d - 3*n, o*d - 472 = -n. What is the tens digit of d?
9
Suppose -4*b + 548 = -3*a, -5*a - 5*b - 69 - 891 = 0. Let l = 80 - a. What is the units digit of l?
8
Suppose 0 = -9*k + 14*k - c - 55330, 0 = 5*c + 25. What is the units digit of k?
5
Let x be (-2)/(6 - (-5 - -9)). What is the hundreds digit of (1 - -984) + x + (2 - -3)?
9
Let d(a) = 326*a**2 + 4*a - 327*a**2 + 431 - a. What is the tens digit of d(0)?
3
Let y(l) = -l + 14. Let k be y(12). Let p(u) = -5*u - 5 - 2*u**3 + 6 - 8*u**k - 8. What is the tens digit of p(-5)?
6
Let x(c) = 9*c**3 + 8*c**2 - 10*c - 1. Let d = -620 - -622. What is the tens digit of x(d)?
8
Let s(f) = 6*f**2 + 79*f + 1504. What is the hundreds digit of s(-86)?
0
Suppose -6*k = -7 - 11. Suppose 8*b - 6*b + k*g = 15, 4*g - 4 = 0. Suppose 74 = 2*x + 3*m, -3*m - 227 = x - b*x. What is the units digit of x?
3
Suppose 10*h = 5*h + 120. Let c = 400 - h. Suppose 5*b - 604 = c. What is the tens digit of b?
9
Let c = -322 + 332. Suppose c*q - 2*t - 788 = 6*q, -4*q + 5*t = -776. What is the units digit of q?
9
Suppose -3*u + 3*t = -126243, -u + 47*t + 42123 = 52*t. What is the ten thousands digit of u?
4
Suppose -2*l - 3*d = -4*d - 7, -l - 4 = 2*d. Suppose -712 = -2*u + 16*n - 15*n, 2*u - l*n - 714 = 0. What is the hundreds digit of u?
3
Let m = -3342 + 2295. Let y = m + 2064. What is the units digit of y?
7
Suppose 214*q + 5375 = 215*q. What is the hundreds digit of q?
3
Suppose -6*z = -47 - 25. Suppose -z = 4*b - 4*s, -19 = -3*s - 13. Let o(i) = -8*i - 3. What is the units digit of o(b)?
5
Suppose 14*i = 45 - 3. Let z(h) = 29*h**2 + 3*h + 1. What is the units digit of z(i)?
1
Suppose -l + 6342 = h - 8689, h + 60104 = 4*l. What is the thousands digit of l?
5
What is the thousands digit of ((-58)/58)/(3/(-23739))?
7
Suppose 3*z - 214 = -2*k - 37, 5*z - 295 = 3*k. Suppose -z = -3*c + 1069. What is the tens digit of c?
7
Suppose 0 = 40*a - 1235 + 475. Let q = a + 49. What is the tens digit of q?
6
Suppose -17*h = -5*h - 60. Suppose h*u - 595 - 3455 = 0. What is the tens digit of u?
1
Let s(d) = -3*d**2 - 3*d + 3. Let t be s(-2). Let c(a) = 50*a**2 + 13*a + 37. What is the tens digit of c(t)?
4
Let t = 7893 - 2362. What is the units digit of t?
1
Let j = 127 + -126. What is the tens digit of 2/2*1 - (-250 + j)?
5
Let v(w) = -2*w**3 + 116*w**2 + 117*w + 95. What is the units digit of v(58)?
1
Suppose 0 = -10*u + 2975 - 885. Let a = u + 464. What is the tens digit of a?
7
Suppose 239780 = 3039*k - 3019*k. What is the units digit of k?
9
Let l(o) be the second derivative of -11*o**5/20 - o**3/6 + o**2/2 + 6*o. Let y be l(1). Let i(q) = -q**2 - 11*q + 7. What is the units digit of i(y)?
7
Suppose 12*m - 17*m = r + 695, 0 = 5*m - r + 685. Let t be -3*5*(-38)/(-6). Let a = t - m. What is the tens digit of a?
4
Suppose -5*j + 3333 = -3*n - 26994, j - 6093 = -4*n. What is the tens digit of j?
6
Suppose 0 = -414*x + 49*x - 176*x + 17614419. What is the tens digit of x?
5
Suppose 2184 + 80360 = -22*o. Let b = -1916 - o. What is the hundreds digit of b?
8
Suppose -2*n = -n - 3. Suppose -10*g = 347 + 